{"id":279,"date":"2019-09-25T10:22:28","date_gmt":"2019-09-25T08:22:28","guid":{"rendered":"https:\/\/lefilentrop.fr\/?page_id=279"},"modified":"2023-02-23T08:30:10","modified_gmt":"2023-02-23T07:30:10","slug":"les-laines","status":"publish","type":"page","link":"https:\/\/lefilentrop.fr\/?page_id=279","title":{"rendered":"Les laines"},"content":{"rendered":"\n<div class=\"wp-block-media-text alignwide\"><figure class=\"wp-block-media-text__media\"><img loading=\"lazy\" decoding=\"async\" width=\"380\" height=\"520\" src=\"https:\/\/lefilentrop.fr\/wp-content\/uploads\/2019\/09\/3f96509df98ccbaaeef954739240525a.jpg\" alt=\"\" class=\"wp-image-437 size-full\" srcset=\"https:\/\/lefilentrop.fr\/wp-content\/uploads\/2019\/09\/3f96509df98ccbaaeef954739240525a.jpg 380w, https:\/\/lefilentrop.fr\/wp-content\/uploads\/2019\/09\/3f96509df98ccbaaeef954739240525a-219x300.jpg 219w\" sizes=\"(max-width: 380px) 100vw, 380px\" \/><\/figure><div class=\"wp-block-media-text__content\">\n<p class=\"has-text-align-left has-very-dark-gray-color has-text-color has-large-font-size\"><a href=\"https:\/\/lefilentrop.fr\/?product_cat=lainebdf\">Berg\u00e8re de France<\/a><\/p>\n\n\n\n<p class=\"has-very-dark-gray-color has-text-color\"><a href=\"https:\/\/lefilentrop.fr\/?page_id=202\">Des laines qui viennent de France et plus pr\u00e9cis\u00e9ment de Lorraine.<\/a><\/p>\n<\/div><\/div>\n\n\n\n<div class=\"wp-block-media-text alignwide has-media-on-the-right is-stacked-on-mobile\"><figure class=\"wp-block-media-text__media\"><img loading=\"lazy\" decoding=\"async\" width=\"301\" height=\"167\" src=\"https:\/\/lefilentrop.fr\/wp-content\/uploads\/2022\/10\/telechargement.png\" alt=\"\" class=\"wp-image-3322 size-full\" srcset=\"https:\/\/lefilentrop.fr\/wp-content\/uploads\/2022\/10\/telechargement.png 301w, https:\/\/lefilentrop.fr\/wp-content\/uploads\/2022\/10\/telechargement-108x60.png 108w, https:\/\/lefilentrop.fr\/wp-content\/uploads\/2022\/10\/telechargement-162x90.png 162w\" sizes=\"(max-width: 301px) 100vw, 301px\" \/><\/figure><div class=\"wp-block-media-text__content\">\n<p class=\"has-large-font-size\"><a href=\"https:\/\/lefilentrop.fr\/?product_cat=fonty\" data-type=\"URL\" data-id=\"https:\/\/lefilentrop.fr\/?product_cat=fonty\">Fonty<\/a><\/p>\n\n\n\n<p>D<a href=\"https:\/\/lefilentrop.fr\/?product_cat=fonty\">es laines Fran\u00e7aise, de la Creuse<\/a><\/p>\n<\/div><\/div>\n\n\n\n<p><\/p>\n","protected":false},"excerpt":{"rendered":"<p>Berg\u00e8re de France Des laines qui viennent de France et plus pr\u00e9cis\u00e9ment de Lorraine. Fonty Des laines Fran\u00e7aise, de la Creuse<\/p>\n","protected":false},"author":1,"featured_media":0,"parent":0,"menu_order":0,"comment_status":"closed","ping_status":"closed","template":"","meta":{"footnotes":""},"yoast_head":"<!-- This site is optimized with the Yoast SEO plugin v21.9.1 - https:\/\/yoast.com\/wordpress\/plugins\/seo\/ -->\n<title>Les laines - Le Fil en Trop&#039; _ Caf\u00e9 Tricot<\/title>\n<meta name=\"robots\" content=\"index, follow, max-snippet:-1, max-image-preview:large, max-video-preview:-1\" \/>\n<link rel=\"canonical\" href=\"https:\/\/lefilentrop.fr\/?page_id=279\" \/>\n<meta property=\"og:locale\" content=\"en_US\" \/>\n<meta property=\"og:type\" content=\"article\" \/>\n<meta property=\"og:title\" content=\"Les laines - Le Fil en Trop&#039; _ Caf\u00e9 Tricot\" \/>\n<meta property=\"og:description\" content=\"Berg\u00e8re de France Des laines qui viennent de France et plus pr\u00e9cis\u00e9ment de Lorraine. Fonty Des laines Fran\u00e7aise, de la Creuse\" \/>\n<meta property=\"og:url\" content=\"https:\/\/lefilentrop.fr\/?page_id=279\" \/>\n<meta property=\"og:site_name\" content=\"Le Fil en Trop&#039; _ Caf\u00e9 Tricot\" \/>\n<meta property=\"article:publisher\" content=\"https:\/\/www.facebook.com\/lefilentrop.marseille\" \/>\n<meta property=\"article:modified_time\" content=\"2023-02-23T07:30:10+00:00\" \/>\n<meta property=\"og:image\" content=\"https:\/\/lefilentrop.fr\/wp-content\/uploads\/2019\/09\/3f96509df98ccbaaeef954739240525a.jpg\" \/>\n<meta name=\"twitter:card\" content=\"summary_large_image\" \/>\n<script type=\"application\/ld+json\" class=\"yoast-schema-graph\">{\"@context\":\"https:\/\/schema.org\",\"@graph\":[{\"@type\":\"WebPage\",\"@id\":\"https:\/\/lefilentrop.fr\/?page_id=279\",\"url\":\"https:\/\/lefilentrop.fr\/?page_id=279\",\"name\":\"Les laines - Le Fil en Trop&#039; _ Caf\u00e9 Tricot\",\"isPartOf\":{\"@id\":\"https:\/\/lefilentrop.fr\/#website\"},\"datePublished\":\"2019-09-25T08:22:28+00:00\",\"dateModified\":\"2023-02-23T07:30:10+00:00\",\"breadcrumb\":{\"@id\":\"https:\/\/lefilentrop.fr\/?page_id=279#breadcrumb\"},\"inLanguage\":\"en-US\",\"potentialAction\":[{\"@type\":\"ReadAction\",\"target\":[\"https:\/\/lefilentrop.fr\/?page_id=279\"]}]},{\"@type\":\"BreadcrumbList\",\"@id\":\"https:\/\/lefilentrop.fr\/?page_id=279#breadcrumb\",\"itemListElement\":[{\"@type\":\"ListItem\",\"position\":1,\"name\":\"Accueil\",\"item\":\"https:\/\/lefilentrop.fr\/\"},{\"@type\":\"ListItem\",\"position\":2,\"name\":\"Les laines\"}]},{\"@type\":\"WebSite\",\"@id\":\"https:\/\/lefilentrop.fr\/#website\",\"url\":\"https:\/\/lefilentrop.fr\/\",\"name\":\"Le Fil en Trop' Caf\u00e9 Tricot\",\"description\":\"124 rue d&#039;Aubagne - 13006 Marseille\",\"publisher\":{\"@id\":\"https:\/\/lefilentrop.fr\/#organization\"},\"potentialAction\":[{\"@type\":\"SearchAction\",\"target\":{\"@type\":\"EntryPoint\",\"urlTemplate\":\"https:\/\/lefilentrop.fr\/?s={search_term_string}\"},\"query-input\":\"required name=search_term_string\"}],\"inLanguage\":\"en-US\"},{\"@type\":\"Organization\",\"@id\":\"https:\/\/lefilentrop.fr\/#organization\",\"name\":\"Le Fil en Trop'\",\"url\":\"https:\/\/lefilentrop.fr\/\",\"logo\":{\"@type\":\"ImageObject\",\"inLanguage\":\"en-US\",\"@id\":\"https:\/\/lefilentrop.fr\/#\/schema\/logo\/image\/\",\"url\":\"https:\/\/lefilentrop.fr\/wp-content\/uploads\/2020\/11\/lefilentrop.logo_.1-e1604242662254.png\",\"contentUrl\":\"https:\/\/lefilentrop.fr\/wp-content\/uploads\/2020\/11\/lefilentrop.logo_.1-e1604242662254.png\",\"width\":100,\"height\":99,\"caption\":\"Le Fil en Trop'\"},\"image\":{\"@id\":\"https:\/\/lefilentrop.fr\/#\/schema\/logo\/image\/\"},\"sameAs\":[\"https:\/\/www.facebook.com\/lefilentrop.marseille\",\"https:\/\/www.instagram.com\/lefilentrop.marseille\/?hl=fr\"]}]}<\/script>\n<!-- \/ Yoast SEO plugin. -->","yoast_head_json":{"title":"Les laines - Le Fil en Trop&#039; _ Caf\u00e9 Tricot","robots":{"index":"index","follow":"follow","max-snippet":"max-snippet:-1","max-image-preview":"max-image-preview:large","max-video-preview":"max-video-preview:-1"},"canonical":"https:\/\/lefilentrop.fr\/?page_id=279","og_locale":"en_US","og_type":"article","og_title":"Les laines - Le Fil en Trop&#039; _ Caf\u00e9 Tricot","og_description":"Berg\u00e8re de France Des laines qui viennent de France et plus pr\u00e9cis\u00e9ment de Lorraine. Fonty Des laines Fran\u00e7aise, de la Creuse","og_url":"https:\/\/lefilentrop.fr\/?page_id=279","og_site_name":"Le Fil en Trop&#039; _ Caf\u00e9 Tricot","article_publisher":"https:\/\/www.facebook.com\/lefilentrop.marseille","article_modified_time":"2023-02-23T07:30:10+00:00","og_image":[{"url":"https:\/\/lefilentrop.fr\/wp-content\/uploads\/2019\/09\/3f96509df98ccbaaeef954739240525a.jpg"}],"twitter_card":"summary_large_image","schema":{"@context":"https:\/\/schema.org","@graph":[{"@type":"WebPage","@id":"https:\/\/lefilentrop.fr\/?page_id=279","url":"https:\/\/lefilentrop.fr\/?page_id=279","name":"Les laines - Le Fil en Trop&#039; _ Caf\u00e9 Tricot","isPartOf":{"@id":"https:\/\/lefilentrop.fr\/#website"},"datePublished":"2019-09-25T08:22:28+00:00","dateModified":"2023-02-23T07:30:10+00:00","breadcrumb":{"@id":"https:\/\/lefilentrop.fr\/?page_id=279#breadcrumb"},"inLanguage":"en-US","potentialAction":[{"@type":"ReadAction","target":["https:\/\/lefilentrop.fr\/?page_id=279"]}]},{"@type":"BreadcrumbList","@id":"https:\/\/lefilentrop.fr\/?page_id=279#breadcrumb","itemListElement":[{"@type":"ListItem","position":1,"name":"Accueil","item":"https:\/\/lefilentrop.fr\/"},{"@type":"ListItem","position":2,"name":"Les laines"}]},{"@type":"WebSite","@id":"https:\/\/lefilentrop.fr\/#website","url":"https:\/\/lefilentrop.fr\/","name":"Le Fil en Trop' Caf\u00e9 Tricot","description":"124 rue d&#039;Aubagne - 13006 Marseille","publisher":{"@id":"https:\/\/lefilentrop.fr\/#organization"},"potentialAction":[{"@type":"SearchAction","target":{"@type":"EntryPoint","urlTemplate":"https:\/\/lefilentrop.fr\/?s={search_term_string}"},"query-input":"required name=search_term_string"}],"inLanguage":"en-US"},{"@type":"Organization","@id":"https:\/\/lefilentrop.fr\/#organization","name":"Le Fil en Trop'","url":"https:\/\/lefilentrop.fr\/","logo":{"@type":"ImageObject","inLanguage":"en-US","@id":"https:\/\/lefilentrop.fr\/#\/schema\/logo\/image\/","url":"https:\/\/lefilentrop.fr\/wp-content\/uploads\/2020\/11\/lefilentrop.logo_.1-e1604242662254.png","contentUrl":"https:\/\/lefilentrop.fr\/wp-content\/uploads\/2020\/11\/lefilentrop.logo_.1-e1604242662254.png","width":100,"height":99,"caption":"Le Fil en Trop'"},"image":{"@id":"https:\/\/lefilentrop.fr\/#\/schema\/logo\/image\/"},"sameAs":["https:\/\/www.facebook.com\/lefilentrop.marseille","https:\/\/www.instagram.com\/lefilentrop.marseille\/?hl=fr"]}]}},"jetpack_sharing_enabled":true,"_links":{"self":[{"href":"https:\/\/lefilentrop.fr\/index.php?rest_route=\/wp\/v2\/pages\/279"}],"collection":[{"href":"https:\/\/lefilentrop.fr\/index.php?rest_route=\/wp\/v2\/pages"}],"about":[{"href":"https:\/\/lefilentrop.fr\/index.php?rest_route=\/wp\/v2\/types\/page"}],"author":[{"embeddable":true,"href":"https:\/\/lefilentrop.fr\/index.php?rest_route=\/wp\/v2\/users\/1"}],"replies":[{"embeddable":true,"href":"https:\/\/lefilentrop.fr\/index.php?rest_route=%2Fwp%2Fv2%2Fcomments&post=279"}],"version-history":[{"count":10,"href":"https:\/\/lefilentrop.fr\/index.php?rest_route=\/wp\/v2\/pages\/279\/revisions"}],"predecessor-version":[{"id":3324,"href":"https:\/\/lefilentrop.fr\/index.php?rest_route=\/wp\/v2\/pages\/279\/revisions\/3324"}],"wp:attachment":[{"href":"https:\/\/lefilentrop.fr\/index.php?rest_route=%2Fwp%2Fv2%2Fmedia&parent=279"}],"curies":[{"name":"wp","href":"https:\/\/api.w.org\/{rel}","templated":true}]}}

<div class="wp-block-media-text alignwide"><figure class="wp-block-media-text__media"><img loading="lazy" decoding="async" width="380" height="520" src="https://lefilentrop.fr/wp-content/uploads/2019/09/3f96509df98ccbaaeef954739240525a.jpg" alt="" class="wp-image-437 size-full" srcset="https://lefilentrop.fr/wp-content/uploads/2019/09/3f96509df98ccbaaeef954739240525a.jpg 380w, https://lefilentrop.fr/wp-content/uploads/2019/09/3f96509df98ccbaaeef954739240525a-219x300.jpg 219w" sizes="(max-width: 380px) 100vw, 380px" /></figure><div class="wp-block-media-text__content">
<p class="has-text-align-left has-very-dark-gray-color has-text-color has-large-font-size"><a href="https://lefilentrop.fr/?product_cat=lainebdf">Bergère de France</a></p>



<p class="has-very-dark-gray-color has-text-color"><a href="https://lefilentrop.fr/?page_id=202">Des laines qui viennent de France et plus précisément de Lorraine.</a></p>
</div></div>



<div class="wp-block-media-text alignwide has-media-on-the-right is-stacked-on-mobile"><figure class="wp-block-media-text__media"><img loading="lazy" decoding="async" width="301" height="167" src="https://lefilentrop.fr/wp-content/uploads/2022/10/telechargement.png" alt="" class="wp-image-3322 size-full" srcset="https://lefilentrop.fr/wp-content/uploads/2022/10/telechargement.png 301w, https://lefilentrop.fr/wp-content/uploads/2022/10/telechargement-108x60.png 108w, https://lefilentrop.fr/wp-content/uploads/2022/10/telechargement-162x90.png 162w" sizes="(max-width: 301px) 100vw, 301px" /></figure><div class="wp-block-media-text__content">
<p class="has-large-font-size"><a href="https://lefilentrop.fr/?product_cat=fonty" data-type="URL" data-id="https://lefilentrop.fr/?product_cat=fonty">Fonty</a></p>



<p>D<a href="https://lefilentrop.fr/?product_cat=fonty">es laines Française, de la Creuse</a></p>
</div></div>



<p></p>

<p>Bergère de France Des laines qui viennent de France et plus précisément de Lorraine. Fonty Des laines Française, de la Creuse</p>

<!-- This site is optimized with the Yoast SEO plugin v21.9.1 - https://yoast.com/wordpress/plugins/seo/ -->
<title>Les laines - Le Fil en Trop&#039; _ Café Tricot</title>
<meta name="robots" content="index, follow, max-snippet:-1, max-image-preview:large, max-video-preview:-1" />
<link rel="canonical" href="https://lefilentrop.fr/?page_id=279" />
<meta property="og:locale" content="en_US" />
<meta property="og:type" content="article" />
<meta property="og:title" content="Les laines - Le Fil en Trop&#039; _ Café Tricot" />
<meta property="og:description" content="Bergère de France Des laines qui viennent de France et plus précisément de Lorraine. Fonty Des laines Française, de la Creuse" />
<meta property="og:url" content="https://lefilentrop.fr/?page_id=279" />
<meta property="og:site_name" content="Le Fil en Trop&#039; _ Café Tricot" />
<meta property="article:publisher" content="https://www.facebook.com/lefilentrop.marseille" />
<meta property="article:modified_time" content="2023-02-23T07:30:10+00:00" />
<meta property="og:image" content="https://lefilentrop.fr/wp-content/uploads/2019/09/3f96509df98ccbaaeef954739240525a.jpg" />
<meta name="twitter:card" content="summary_large_image" />
<script type="application/ld+json" class="yoast-schema-graph">{"@context":"https://schema.org","@graph":[{"@type":"WebPage","@id":"https://lefilentrop.fr/?page_id=279","url":"https://lefilentrop.fr/?page_id=279","name":"Les laines - Le Fil en Trop&#039; _ Café Tricot","isPartOf":{"@id":"https://lefilentrop.fr/#website"},"datePublished":"2019-09-25T08:22:28+00:00","dateModified":"2023-02-23T07:30:10+00:00","breadcrumb":{"@id":"https://lefilentrop.fr/?page_id=279#breadcrumb"},"inLanguage":"en-US","potentialAction":[{"@type":"ReadAction","target":["https://lefilentrop.fr/?page_id=279"]}]},{"@type":"BreadcrumbList","@id":"https://lefilentrop.fr/?page_id=279#breadcrumb","itemListElement":[{"@type":"ListItem","position":1,"name":"Accueil","item":"https://lefilentrop.fr/"},{"@type":"ListItem","position":2,"name":"Les laines"}]},{"@type":"WebSite","@id":"https://lefilentrop.fr/#website","url":"https://lefilentrop.fr/","name":"Le Fil en Trop' Café Tricot","description":"124 rue d&#039;Aubagne - 13006 Marseille","publisher":{"@id":"https://lefilentrop.fr/#organization"},"potentialAction":[{"@type":"SearchAction","target":{"@type":"EntryPoint","urlTemplate":"https://lefilentrop.fr/?s={search_term_string}"},"query-input":"required name=search_term_string"}],"inLanguage":"en-US"},{"@type":"Organization","@id":"https://lefilentrop.fr/#organization","name":"Le Fil en Trop'","url":"https://lefilentrop.fr/","logo":{"@type":"ImageObject","inLanguage":"en-US","@id":"https://lefilentrop.fr/#/schema/logo/image/","url":"https://lefilentrop.fr/wp-content/uploads/2020/11/lefilentrop.logo_.1-e1604242662254.png","contentUrl":"https://lefilentrop.fr/wp-content/uploads/2020/11/lefilentrop.logo_.1-e1604242662254.png","width":100,"height":99,"caption":"Le Fil en Trop'"},"image":{"@id":"https://lefilentrop.fr/#/schema/logo/image/"},"sameAs":["https://www.facebook.com/lefilentrop.marseille","https://www.instagram.com/lefilentrop.marseille/?hl=fr"]}]}</script>
<!-- / Yoast SEO plugin. -->

Les laines - Le Fil en Trop&#039; _ Café Tricot

Bergère de France Des laines qui viennent de France et plus précisément de Lorraine. Fonty Des laines Française, de la Creuse

Le Fil en Trop&#039; _ Café Tricot

Le Fil en Trop' Café Tricot
